 j - f. Calculate the greatest common divisor of y and 4.
4
Suppose 49 = a + 36. Suppose c = 3*v - 356, 5*c + 65 = -3*v + 391. Calculate the highest common factor of v and a.
13
Let k be (-3)/(4/(112/(-6))). Let r be (72/2)/(2 + 0). Suppose r*a - 84 = 16*a. Calculate the highest common factor of k and a.
14
Suppose -9 = -3*h, 2*j - 2*h = -3*h + 443. What is the greatest common divisor of 20 and j?
20
Let g = 196 - 194. What is the highest common factor of 4 and g?
2
Let l(k) = 3*k - 1. Let m be l(2). Let d be (-1359)/(-30) + (-21)/70. What is the highest common divisor of m and d?
5
Let j be ((-2)/(-4))/((-1)/(-80)). Let a = -7 + j. Calculate the greatest common divisor of 22 and a.
11
Suppose b = 3*q - 342, -4*b - b - 100 = -q. Let z(l) = l**3 - 4*l**2 - 3*l - 8. Let v be z(6). What is the highest common factor of v and q?
23
Let k be 2/(-2)*(14 + -9 - 6). Suppose -8*y = -3*y - 35. What is the highest common factor of y and k?
1
Let p = 149 - 133. Suppose -b + 0 = -4. What is the highest common divisor of b and p?
4
Let k(f) = 2*f + 29. Let c(o) = o + 1. Let q(i) = -3*c(i) + k(i). Let v be q(11). Calculate the greatest common factor of 165 and v.
15
Let t = 54 + -50. Suppose 0 = i - t*v - 218, -i - 3*i - 3*v = -834. What is the highest common divisor of i and 30?
30
Let y = 106 - 74. Suppose y = -7*k + 5*k. Let p be (15/1)/((-4)/k). Calculate the highest common divisor of p and 12.
12
Suppose 0 = -26*i + 21*i + 60. What is the highest common factor of 138 and i?
6
Suppose -c = 2*g - 10 - 1, c - 1 = 0. Let h(p) = -2*p**3 + p**3 + 7*p - 6*p**2 - 4 + 2*p**3. Let x be h(g). What is the highest common factor of 9 and x?
3
Suppose 6*u = -u + 322. What is the greatest common factor of 207 and u?
23
Suppose -21 + 26 = -z. Let q(s) = -s**3 - 5*s**2 - 4*s + 5. Let i be q(z). Suppose 7*k - i = 6*k. Calculate the greatest common factor of 125 and k.
25
Suppose 4*j - 139 = 101. Let p be 8/j + (-5936)/(-30). Calculate the highest common factor of 22 and p.
22
Let p = -21 + 16. Let q(t) = 11 + t + 0*t + 2*t - 2*t. Let w be q(p). Calculate the greatest common factor of w and 15.
3
Let b be (-1 + (-1 - -1))*-7. Suppose 2*j = -4*s + 64, 41*j = 40*j + 4. Calculate the highest common factor of b and s.
7
Let j(t) = -99*t - 3. Let u be j(-1). Suppose 3*h + 4*l = 6*h - u, 4*h - 153 = -3*l. Calculate the greatest common divisor of 90 and h.
18
Let s = -1771 + 2443. Calculate the greatest common factor of s and 84.
84
Let x be (95/15 + -3)*30. What is the highest common divisor of 40 and x?
20
Suppose -3*z - 3*j + 880 = -1802, 0 = -z + 3*j + 878. Calculate the highest common factor of 10 and z.
10
Let u = 2 + 9. Let g = 25 - u. Let f = 41 - g. Calculate the greatest common divisor of 3 and f.
3
Let s(w) = 10*w**2 + 2*w - 4. Let k be s(5). Calculate the highest common divisor of k and 16.
16
Let k = 0 + 30. Let p(w) = -11*w - 256. Let o be p(-26). What is the greatest common factor of o and k?
30
Suppose -22 - 6 = -2*n. Let c(a) = 112*a - 994. Let r be c(10). Calculate the highest common factor of r and n.
14
Suppose 0 = 4*l - 5*n - 0*n + 12, 0 = 4*l + 3*n - 20. Let j = 178 - 188. Let c be -2 - ((-1)/(-1) - j/(-2)). What is the highest common factor of c and l?
2
Let u be (-780)/(-14) + (-120)/(-420). Calculate the greatest common divisor of u and 252.
28
Suppose -2*q = 2*w - 94, 4*q + 43*w = 45*w + 206. Calculate the highest common factor of 225 and q.
25
Suppose 4*j - 5*j - 3*p + 25 = 0, j = -p + 17. What is the highest common factor of 377 and j?
13
Suppose 9*q - 4*q = 840. Let w(r) = -r**3 + 6*r**2 + 3*r + 3. Let d be w(6). Calculate the highest common factor of d and q.
21
Let r(p) = -p + 43. Let m(q) = -q + 86. Let j(z) = 3*m(z) - 5*r(z). Let x be j(17). Calculate the greatest common divisor of x and 7.
7
Let v be (3/(6/164))/1. Let u be 5/10 + v/4. Suppose 3*p = 2*h - u, 4*h + 7*p - 2*p - 75 = 0. What is the highest common factor of h and 120?
15
Suppose k = -3*u - 65, -111 = 2*u + 3*u - k. Let x = u - -46. Calculate the highest common divisor of 3 and x.
3
Let u be (-10)/5 - 7 - -17. What is the highest common divisor of u and 76?
4
Suppose -5*a + 53 = -p - 82, 2*p - 10 = 0. Let q be 924/(-9) - 4*(-1)/6. Let m be (-4)/(-34) - 66/q*6. Calculate the greatest common factor of m and a.
4
Let f(p) = -2*p**3 + 4*p**2 - 2*p + 3. Let k be f(3). Let i be ((-7)/k)/(4/408). What is the greatest common factor of i and 34?
34
Let p(w) = -2*w**2 - 34*w - 8. Let n be p(-16). Calculate the highest common factor of n and 84.
12
Let i = -57 + 99. Let j be (((-13)/(-91))/(3/(-7)))/((-8)/432). What is the highest common divisor of i and j?
6
Let x(y) = -43*y - 35. Let l be x(-1). Calculate the greatest common factor of 8 and l.
8
Let m(o) = o**2 + 4*o. Let j be m(-4). Let y be -1 - -6 - (-30)/(-10). Suppose w + 2 = -j*w, y*u = -3*w + 8. What is the highest common factor of u and 14?
7
Let q = 3 + 24. Let k(z) = -z**3 - 19*z**2 - z + 17. Let h be k(-19). What is the greatest common divisor of q and h?
9
Suppose -4*m + 522 = 3*w, -2*m + 302 = -3*w + 32. Calculate the highest common factor of m and 216.
12
Suppose 2*s + y = 74, 3*y = -2*s + 4*y + 82. Calculate the greatest common factor of 1248 and s.
39
Let f(m) = 2*m**2 - 5*m - 10. Let d be f(-3). What is the highest common divisor of d and 23?
23
Let s = -63 - -68. Suppose c - 16 = 5*d, -3*c - 140 = -8*c - s*d. Calculate the highest common divisor of 26 and c.
26
Let d(n) = -3*n**2 + 7*n - 2. Let c be d(5). Let l = c - -44. Calculate the highest common factor of 3 and l.
1
Suppose -10 = -2*i - 3*i. Suppose i*b = 4*m - 34, b + 43 = 4*m + 2*b. Let x = -11855 - -11895. What is the greatest common factor of m and x?
10
Let i = 44 + -51. Let s(h) = -29*h - 14. Let u be s(i). Calculate the highest common factor of u and 27.
27
Suppose 2*v - 4*r - 80 = 264, 0 = -v + 4*r + 176. Let u be 0 + 4/(12/63). What is the highest common factor of v and u?
21
Suppose 4*x = 1817 - 1337. Calculate the highest common factor of x and 160.
40
Suppose p - 16 = 23. Suppose 299*d - 301*d = -26. Calculate the greatest common factor of d and p.
13
Let g = -116 - -124. Suppose d - 4*d = -24. Calculate the highest common divisor of g and d.
8
Suppose 5*u - 25 = 0, -2*m + 11 = -u - 14. Let c = 615 + -510. Calculate the highest common divisor of m and c.
15
Suppose i - 52 = -p - 10, 2*p + i = 83. Let q = 168 + p. Suppose m + 3*m - 76 = 0. What is the highest common divisor of q and m?
19
Let j be (-125)/(-45) + -3 - (180200/90)/(-10). Suppose -2*m - 125 = -7*m. Calculate the highest common factor of m and j.
25
Let r be ((-2)/4)/((-2)/(-32)). Let k = -6 - r. Suppose -4*p + 5 = -w - 6, 0 = -4*p + 4*w + 20. What is the greatest common divisor of k and p?
2
Let z(u) = -u - 15. Let i be z(-18). Let s be 68/(-10)*40/(-6)*i. Calculate the highest common divisor of 34 and s.
34
Let h be ((-2)/3)/((-14)/189). Suppose -228*t = -236*t + 144. What is the highest common divisor of t and h?
9
Suppose -3*m + 24 = j, -5*m = 2*j - 7*j + 80. Let n = -4 - -13. What is the highest common divisor of j and n?
9
Let f(b) = -b**2 - 9*b. Let k be f(-6). Suppose 0 = -c + 12 + k. Calculate the highest common divisor of c and 210.
30
Suppose -8 = -f - 5. Suppose 0 = f*t - 26 - 106. Calculate the highest common divisor of 22 and t.
22
Let i(o) = -o + 5. Let s be i(-6). Let t(d) = -72*d + 1. Let u be t(1). Let z = -27 - u. Calculate the highest common divisor of z and s.
11
Let t be (-576)/(-30) + 4/5. Let i be 2/(-2) - 9/3*-17. Calculate the greatest common factor of i and t.
10
Suppose -839 = -4*p - 3*k, -k - 4*k = -5. What is the highest common factor of 171 and p?
19
Let o be (-1)/((-5)/(-6) + -1). Suppose l = -3 + 9. Suppose -5*v - l + 2 = -n, 0 = -5*v. Calculate the greatest common factor of o and n.
2
Let t(f) = f - 6. Suppose -4 = v - 4*i, 2*i - 1 = 5. Let n be t(v). Suppose -n*p = -0 - 30. Calculate the greatest common divisor of p and 60.
15
Suppose 4*o - 736 = -5*m, 3*o + 108*m - 563 = 107*m. What is the highest common factor of 147 and o?
21
Let l(z) = 5*z**2 - 3*z - 2. Let k(a) = a**2 + a. Let h(p) = 6*k(p) + l(p). Let n be h(1). Let v = -77 - -173. Calculate the greatest common factor of n and v.
12
Let s be 6 + (4 - 5) + (-9)/3. Suppose -4*k - v = -21, -3 + 9 = s*k - 4